29, -4*g = 4*y - 700. Let o = -40 + g. Let s = o - 74. List the prime factors of s.
2
Let a = 1484 + -527. List the prime factors of a.
3, 11, 29
Suppose d = -2*f - f, 0 = -f - 1. Suppose -6*o = -d*o - 15. Suppose -o*n + 30 = -0*n. What are the prime factors of n?
2, 3
Suppose 2*c = d - 0*d + 51, 4*d = 5*c - 123. Let b = 97 - c. List the prime factors of b.
2, 5, 7
Let x(t) = 25*t + 6. Let h be x(3). Let y = 131 - h. What are the prime factors of y?
2, 5
Let v(x) = x**3 + 11. List the prime factors of v(8).
523
Suppose 0 = 5*n + 25, -8*n + 11*n = -3*u + 5508. What are the prime factors of u?
7, 263
Let w(n) = n**2 + 6*n + 4. Suppose 4*y = -18 - 6. Let i be w(y). Let c = 3 + i. List the prime factors of c.
7
Suppose v - 680 = -4*v. What are the prime factors of 9/6*v/4?
3, 17
Suppose -3*g + 442 = -464. Let y = g + -196. What are the prime factors of y?
2, 53
Let p(i) = -i**3 + 9*i**2 + i - 6. Let c be p(9). Suppose 34 + 59 = c*y. What are the prime factors of y?
31
Let q = -36 + 38. Suppose 3*w - 10 = q. List the prime factors of w.
2
Let j be 1023/6*2 + 6 + -3. Suppose -j = -5*p + 136. What are the prime factors of p?
2, 3
Suppose 11*d - 4*d - 28 = 0. Suppose -d*r + 114 = 14. What are the prime factors of ((-60)/r)/((-2)/10)?
2, 3
Let l(b) = 984*b**2 - 21*b - 30. What are the prime factors of l(-2)?
2, 3, 7, 47
Let r = -2 - 21. Let g = -10 - r. What are the prime factors of g?
13
Let f = 9 - 11. Let u be 50/60 + f/(-12). What are the prime factors of (-116)/(-8)*(3 - u)?
29
Let c be 3 - (-39)/2*(-10 + 8). Let b = c + 90. List the prime factors of b.
2, 3
Let z(s) = 5*s**2 - 8*s - 5. Let n be z(-3). Suppose -3*f = 3*m - 281 - n, 353 = 3*m - f. What are the prime factors of m?
3, 13
Let s = -379 - -655. Suppose -6*o + s = -30. List the prime factors of o.
3, 17
What are the prime factors of (4 + 0)/((-400)/(-449900))?
11, 409
Let o(r) = 4*r**3 - 2*r**2 + r + 2. Let k(g) = -g**3 - 6*g**2 - 5*g + 5. Let d be k(-5). Let c be (-2)/d + (-36)/(-15). List the prime factors of o(c).
2, 7
Suppose 9*x - 595 - 6578 = 0. What are the prime factors of x?
797
Let j(r) = r**2 + 6*r - 7. Let y be j(-7). Suppose y*v - 8*v = -360. List the prime factors of v.
3, 5
Suppose -222*f + 2124 = -218*f. List the prime factors of f.
3, 59
Let z be 2 - 6/(-4)*-4. What are the prime factors of (-1114)/(-30) - z/(-30)?
37
Suppose -23*o = -31*o + 3296. What are the prime factors of o?
2, 103
Suppose 3*c + 3*j - 94 = 11, -c = 2*j - 40. Suppose l + 10 = -3*r, 2*l - 16 = r + 2*r. Suppose l*d = d + c. List the prime factors of d.
2, 3, 5
Let j = 4930 - 2823. List the prime factors of j.
7, 43
Let r(y) = -7*y - 1. Let k be r(-3). Let s = 25 - k. Suppose -79 = -s*v + 106. List the prime factors of v.
37
Let b(g) = -7*g**3 + 3*g**2 + 2*g - 2. Let w be b(-2). Suppose 22 = 6*r - w. List the prime factors of r.
2, 7
Let f be (-3 + 4 + -4)/(-1). Let b be (-2)/6 + (-5)/f. Let k = b - -7. What are the prime factors of k?
5
Suppose 13*n = 9*n + 4*q + 9024, 0 = 3*n - 2*q - 6771. Suppose -2*v + n = 7*v. List the prime factors of v.
251
Let g(w) be the first derivative of w - 2*w**2 + 2/3*w**3 + 7. What are the prime factors of g(5)?
31
Let p = 46 + -34. What are the prime factors of -3*(2 + (-160)/p)?
2, 17
Let p(r) = 2*r**2 - 4*r - 1. Let k be p(3). Let i be 0/((0 - 3) + k). What are the prime factors of i - (-3 + 3) - -64?
2
List the prime factors of (-7 - (4 + -5)) + 12 + 3389.
5, 7, 97
Let j = 1020 + -258. Suppose 0 = -39*g + 33*g + j. List the prime factors of g.
127
Suppose 67*i + 4698 = 73*i. List the prime factors of i.
3, 29
Suppose 3*i = j - 3*j - 313, 3*i = 3*j + 477. Let q = 275 + j. What are the prime factors of q?
3, 13
Suppose 0 = -5*x + 15, 10*k - 9*k - 3*x - 788 = 0. What are the prime factors of k?
797
Let l(x) = 13*x + 20. Let t(j) = -j - 1. Let p(m) = l(m) + 5*t(m). List the prime factors of p(13).
7, 17
Let b = 44 + 413. What are the prime factors of b?
457
Let w(b) = -303*b + 21. List the prime factors of w(-5).
2, 3
Suppose 6*u + 4*u - 50 = 0. Suppose -3*v = -4*c - 245, -u*v + 0*c = -3*c - 423. List the prime factors of v.
3, 29
Let w = -243 + 428. Suppose w = -2*r + 665. Suppose -55 + r = 5*g. What are the prime factors of g?
37
Suppose 24 = y - 4*l, -y - 2*l + 2 + 46 = 0. Suppose n - y = -3*v, -3*v + v = 3*n - 120. Suppose -3*t = -n - 14. What are the prime factors of t?
2, 3
Suppose 3 = o + 1. Let m = 3 + o. Suppose m*l - 238 = 4*k, -l - k = -0*l - 53. What are the prime factors of l?
2, 5
Let c be (-2)/(-15) - 146/(-30). Suppose 67 = c*w - 3. What are the prime factors of w?
2, 7
Suppose 5*w + 103 = 3*u, -2*w - 164 = -4*u - 22. Let d = 22 + u. List the prime factors of d.
2, 29
Let i(q) = 9*q - 1 + 4*q**2 - 2 + 2. List the prime factors of i(-4).
3
Let h(o) = 4*o + 2. Let y be h(1). Suppose q - 840 = -y*q. What are the prime factors of q?
2, 3, 5
Suppose 626 = 11*v - 9*v. Suppose 2*s - 268 = -4*u, -6*u = -u - 3*s - v. List the prime factors of u.
5, 13
Let o = 78 + -73. Suppose -o*u = h - 65, 4*h = -3*u + h + 39. What are the prime factors of u?
13
Let h be (0 - -2) + 3 - (11 + -10). Suppose 864 = 4*b + 2*y, h*b + b - 4*y = 1054. List the prime factors of b.
2, 107
Let x = 2428 + 134. List the prime factors of x.
2, 3, 7, 61
Let k(j) = 3*j**2 + 9*j + 15. Let u be k(-8). Suppose 3*q - l - u = -5*l, 3*l + 114 = 3*q. List the prime factors of q.
41
Let i = -6 - -18. Suppose -5*z + 12 = 4*r, r = -3*r + 3*z + i. Suppose -7 = -p + r. What are the prime factors of p?
2, 5
Suppose 3*d - 1116 = 5*k, -5*d - 2*k = -0*k - 1891. List the prime factors of d.
13, 29
Let k be 0/((6/(-21))/(2/(-14))). Let n = -44 - -105. Suppose k*m = m - n. What are the prime factors of m?
61
Let w = 44 + 594. What are the prime factors of w?
2, 11, 29
Let k be (3 + 0)/((-1)/(-556)*2). Suppose 35*c - k = 32*c. What are the prime factors of c?
2, 139
Suppose 2*r - 11 = 9. Let m = -59 - -64. Suppose 30 = m*w - r. List the prime factors of w.
2
Let a = 57 + -57. Suppose a*m = 4*m - 292. List the prime factors of m.
73
Let v(h) = h**2 + 6*h + 9. Suppose 0 = 2*o - 2*a + 3*a + 12, 2*a - 24 = 2*o. What are the prime factors of v(o)?
5
What are the prime factors of (0 - (-964)/(-8))/((-7)/42)?
3, 241
Let a(z) = 17*z + 49. Suppose 3*l = 4*t - 19, -3*l + 1 = -t - 1. List the prime factors of a(t).
2, 3, 7
Suppose 7*v + 1168 - 5809 = 0. List the prime factors of v.
3, 13, 17
Suppose 221 = 5*l - 59. Suppose 4*h - l = 96. What are the prime factors of h?
2, 19
Let m(t) = 73*t**2 + 3*t + 3. Suppose 5*r + 4*c - 11 = 0, 2*r + 4*c + 5 = 19. List the prime factors of m(r).
73
Let p(n) = 3*n + 23. Let x(q) = -5*q - 45. Let t(d) = 13*p(d) + 6*x(d). What are the prime factors of t(11)?
2
Let u(s) = 9*s**2 - 80*s - 72. List the prime factors of u(21).
3, 739
Let l be (3/2)/((-1)/(-4)). Suppose 8 = 2*s - 6*s. What are the prime factors of (l/4)/(s/(-12))?
3
Let h(g) = -g**3 + 3*g - 7. Let a be h(-3). Suppose -f - 17 = 4*t, -f + 5*f = 4*t + 32. Let m = t + a. List the prime factors of m.
2, 3
Let y be 3*(10/(-6))/1. Let a = 112 - y. What are the prime factors of a?
3, 13
Let l be -1 - ((0 - 266) + -1). Let g = -136 + l. What are the prime factors of g?
2, 5, 13
Let r(a) = -2*a**3 - 13*a**2 - 3*a - 22. Let m be r(-10). Let k = m + -471. What are the prime factors of k?
3, 79
List the prime factors of (-333144)/(-189) - 4/6.
2, 881
Let x = -40 + 43. List the prime factors of (x/4)/(4/448).
2, 3, 7
Let z = -2 - -6. Suppose 48 = 3*o + z*v, -5*o = -4*v - 77 + 29. Suppose 0 = o*w - 17*w + 300. What are the prime factors of w?
2, 3, 5
Let p be ((-1276)/29)/(-1 + 12/13). Suppose 157*k - p = 153*k. List the prime factors of k.
11, 13
Let l(y) = 940*y + 10. What are the prime factors of l(1)?
2, 5, 19
Suppose -18*p - 258602 = -115*p. What are the prime factors of p?
2, 31, 43
Let h(s) = s**3 - 3*s**2 + 3*s. Let p be h(2). Suppose 0 = -j - 3, -3*f + 676 - 10 = p*j. What are the prime factors of f?
2, 7
Suppose 0 = 23*k - 142 - 65. Suppose -k*s + 86 + 130 = 0. List the prime factors of s.
2, 3
Let d = 5059 + -3509. List the prime factors of d.
2, 5, 31
Let s = 244 - 165. Suppose 4*f + s = 371. Let k = f + -33. What are the prime factors of k?
2, 5
Let p be 2/(-3 + (-20)/(-8)). Let l(q) = q**2 + q - 9. Let f be l(p). What are th